2 is divided by v?
30
Suppose -15*u = -51 - 354. Calculate the remainder when 72/(-30)*10*-3 is divided by u.
18
Suppose 4*d = -4*d - 24. Let g(z) = -2*z**3 - 3*z**2 + 3. What is the remainder when g(d) is divided by 17?
13
Suppose 3*a - 46 = 125. Suppose 14 = 7*n - 5*n. Suppose 60 = -3*t + n*t. What is the remainder when a is divided by t?
12
What is the remainder when (-164)/(-2) + -21 + 21 + -1 is divided by 11?
4
Let m(l) = 13*l + 1. Let q be m(1). Suppose 0 = 7*c - q - 14. Suppose -i - 3*y = -2*i + 4, -c*i + 5*y + 37 = 0. What is the remainder when i is divided by 8?
5
Let b(u) = -2*u + 4. Let p be b(-5). Let w(i) = -i**2 + 14*i - 2. Let y be w(p). What is the remainder when (-10)/y*(-5 - -14) is divided by 12?
9
Let b(u) = 4*u**2 + 5*u - 5. Suppose -4*z + 0 = 16. What is the remainder when b(z) is divided by 21?
18
Suppose 40 = -27*j + 112 + 333. Suppose 0*w - 2*x = w - 110, -w = -2*x - 122. What is the remainder when w is divided by j?
11
Let g = 32 + -34. Let k = 40 - 17. What is the remainder when 69/((-2)/g) - (1 + 1) is divided by k?
21
Let b(k) = 62*k + 3. Suppose -48 - 24 = -4*d. What is the remainder when b(1) is divided by d?
11
Suppose 4*z - 2*q = 75 + 15, q - 70 = -3*z. Let y = 50 - z. Calculate the remainder when 79 is divided by y.
25
Let v(h) = h**3 - 12*h**2 - 28*h + 3. Calculate the remainder when 35 is divided by v(14).
2
Let q be (-14 + 18)/(1/8). Suppose -m + 1 = -w - 6, 4*w - q = -m. What is the remainder when 33 is divided by m?
9
Suppose 9*i + 103 = 256. Calculate the remainder when -99*((-4)/(-3) - 2) is divided by i.
15
Let w = -26 - -7. Let y = w + 38. Let v(f) = -6*f - 1. What is the remainder when y is divided by v(-1)?
4
Let q(h) = -2 - 14*h + 16*h - 10. Let l be q(6). Suppose -s + 8 = -l. What is the remainder when s is divided by 5?
3
Suppose o + 0*o = 0. Let c be -3 + 3 + (0 - o). What is the remainder when 96 is divided by 0 + c/(-3) - -33?
30
Suppose 0 = -3*w + 3*n + 21, 2*w - 35 = -3*w + 4*n. What is the remainder when 279 is divided by w?
6
Suppose 3*o + 1 - 16 = 0. Calculate the remainder when 22 is divided by o.
2
Let b be 4 + 4*1/(-2). Calculate the remainder when (b/6)/(5/435) is divided by 11.
7
Let k(v) = v**3 + 3*v**2 - v + 7. Let b be k(3). Let i be (b + 2)*4/8. Suppose 0 = -t - 7 + i. What is the remainder when t is divided by 6?
5
Let x(o) = -o**3 + 7*o**2 - 8*o + 1. Calculate the remainder when 87 is divided by x(4).
2
Calculate the remainder when 76 is divided by (-20 + (3 - 4))*(-8 + 7).
13
Suppose -4*x = -5*j + 1, 0 = x - j - 4 + 3. Let k be ((-4)/(-12))/(1/x). Calculate the remainder when 3*(28 - k/2) is divided by 28.
25
Suppose -10*j + 5*j = -70. Suppose 4*k - 493 = -169. Let z = k + -55. Calculate the remainder when z is divided by j.
12
What is the remainder when 65/(-3)*(-3)/1 is divided by 21?
2
Suppose 3*f = 48 + 54. Let y be ((-6)/9)/(2/(-3)) + -2. Let z(l) = 11*l**2 - 2*l - 1. Calculate the remainder when f is divided by z(y).
10
Let y = 82 - 75. Calculate the remainder when 13 is divided by (-1)/(y/28) - 8/(-1).
1
What is the remainder when 146 is divided by 90/36 - (-454)/4?
30
Suppose 3*p - 9 = -0*p. Suppose p*u + 3 = -3*h, -3*h + 0 = 9. Suppose u*k - 93 = 25. Calculate the remainder when k is divided by 15.
14
Let l(f) = -f**3 - 2*f**2 + f + 5. Let v be l(0). Suppose v*j = -32 + 282. Let d(t) = t**3 - 4*t**2 - 9*t + 8. What is the remainder when j is divided by d(6)?
24
Suppose 6*v + 137 - 455 = 0. What is the remainder when 92 is divided by v?
39
Let c be 9/6*(-4 - -3)*-2. Suppose -4*b - 25 + 269 = c*y, 0 = 3*b - 4*y - 208. What is the remainder when b is divided by 14?
8
Suppose -34*l = -35*l - 3. What is the remainder when 13 is divided by (-1)/(-4)*(23 + l)?
3
Let f = 644 + -607. Calculate the remainder when 366 is divided by f.
33
Let n = -11 - -24. Suppose -10*m = -13*m + 252. Let w = m + -61. Calculate the remainder when w is divided by n.
10
Let k(r) = -r**3 - 7*r**2 + 9*r + 13. Let u be k(-7). Let g = u - -166. Calculate the remainder when g is divided by 15.
11
Suppose 3*j + 3*m - 57 = 0, 4*j = 7*j - 5*m - 57. What is the remainder when j is divided by 9?
1
Let b(a) = a**3 + 5*a**2 - 35*a + 12. Let o be b(-9). Suppose -3*f - 4*n + 106 = -0*f, -o*f + n + 101 = 0. What is the remainder when f is divided by 12?
10
Let a(p) = p + 16. Let j be a(0). Let d = j + -32. Let w = d - -49. Calculate the remainder when w is divided by 18.
15
Calculate the remainder when 52 is divided by 22*(7 + 7/42*-33).
19
Let j(f) be the first derivative of f**2 - 30*f - 2. Let a be j(16). Suppose b + 2*t - 12 = 0, 2*b - 57 = 3*t + a. What is the remainder when b is divided by 8?
6
Let d(h) = 55*h**2 - 12*h - 11. What is the remainder when d(-1) is divided by 19?
18
Suppose -2 + 13 = 11*z. Suppose -3*k + 2*k + 102 = 0. What is the remainder when z + -9*k/(-9) is divided by 26?
25
Let p = -15 + 35. Calculate the remainder when 75 is divided by p.
15
Let d(x) = -2*x - 5. Let n(u) = -u + 8. Let v be n(4). Suppose -5*i = 3*a - 55 - 20, v*a + 38 = i. What is the remainder when i is divided by d(-6)?
4
Let h(f) be the first derivative of 3*f**2 + 5*f - 32. What is the remainder when 30 is divided by h(2)?
13
Let u = -1018 - -1228. What is the remainder when u is divided by 43?
38
Calculate the remainder when (506/(-33))/((0 - -4)/(-36)) is divided by 29.
22
Suppose 5*v - 330 = -3*i - 46, -188 = -2*i - 4*v. Suppose -3*r + 16 = r, -r + i = c. Calculate the remainder when c is divided by 32.
30
Let l = -1472 - -1487. Suppose -3*b - 111 = -n, 3*n - 5*b = 4*n - 127. What is the remainder when n is divided by l?
12
Let q = 15 + -20. Let v = 19 + -6. What is the remainder when v is divided by (-1 - q) + 5 + -2?
6
Let o(r) = r**3 + 20*r**2 + 8. Calculate the remainder when 108 is divided by o(-20).
4
Let t = 10 + -1. Suppose 4*o + 3*p + 1 = 0, -2*p - 6 - 4 = -2*o. Calculate the remainder when 371/t - o/9 is divided by 22.
19
Let s = 22 - 5. Let b = 7 - 10. Calculate the remainder when ((-268)/12)/(1/b) is divided by s.
16
Suppose 3*h = 15, 0 = 3*z - 2*h - 486 - 1955. Suppose 10*v = 29*v - z. Calculate the remainder when v is divided by 26.
17
Suppose -3*h + 196 = -5*f, -h - 3*f + 228 = 2*h. Calculate the remainder when (2/4)/(-1*(-2)/h) is divided by 12.
6
Suppose -4*q + 12 + 98 = 3*m, 2*q = -2*m + 54. Suppose 0*h - 22 = -4*h + 2*g, -g + q = 3*h. Calculate the remainder when 15 is divided by h.
7
Suppose -4 = -n + 1. Let h(u) be the second derivative of u**5/20 - u**4/3 + u**3/3 + 2*u**2 - 2*u. What is the remainder when h(n) is divided by 21?
18
Suppose 2*i + 3*k - 25 = 0, -i + k = -3*i + 15. Suppose -38 = -i*r - 13. Let t(m) = m**2 - 7. Calculate the remainder when 70 is divided by t(r).
16
What is the remainder when 202 is divided by (-15)/(-9)*6/(-30)*-18?
4
Let t(l) = -l**3 + 26*l**2 - 71*l + 51. Let d(q) = -q**3 + 28. What is the remainder when d(0) is divided by t(23)?
3
Let m(i) = i**2 - 3*i - 29. What is the remainder when 537 is divided by m(8)?
9
Let b(z) = 29*z + 43. What is the remainder when b(9) is divided by 51?
49
Suppose 0 = -2*t + 2*w - 6, -4*w - 1 = -t - 13. What is the remainder when (-14)/(-10)*(t - -5) is divided by 4?
3
Let l = 155 + -122. Suppose 0 = -2*y + 9 - 3. Suppose 5*u + 2*b + 2*b - 472 = 0, -5*b = y*u - 278. What is the remainder when u is divided by l?
30
Suppose 3*w = -5*u + 168, -4*w = -u - 3*u + 128. Suppose 14*s + 115 - 227 = 0. What is the remainder when u is divided by s?
1
Suppose -54 = -3*n - z, 2*n + 23*z - 44 = 25*z. What is the remainder when 434 is divided by n?
16
Suppose -2*c = -2*i + 18, 3*c + 0*c + 9 = 0. Let p(z) = -z**2 - 9*z + 9. Let f be p(-8). Let o = 28 - f. Calculate the remainder when o is divided by i.
5
Suppose -w = 5*f - 864, 3*f = 4*f + 5*w - 192. Suppose 2*o = -48 + f. Let b = 5 + 11. What is the remainder when o is divided by b?
14
Let h(a) = -23*a**3 + 5*a**2 - 15*a**3 - 3*a**2 - 1. Let r = 20 + 1. What is the remainder when h(-1) is divided by r?
18
Suppose 0 = -5*m - a + 170, -m + 4*a + 46 = m. Let v(r) = -r + 1. Let f be (-14)/(-35) - (-42)/(-5). Calculate the remainder when m is divided by v(f).
6
Let t(z) be the third derivative of z**5/6 - z**4/24 + z**3/3 - 26*z**2. Calculate the remainder when 218 is divided by t(-2).
42
Let i = 